{"id":694,"date":"2022-01-03T17:45:37","date_gmt":"2022-01-03T17:45:37","guid":{"rendered":"https:\/\/cositalcantabria.org\/web\/?page_id=694"},"modified":"2022-02-10T17:19:58","modified_gmt":"2022-02-10T17:19:58","slug":"estatutos","status":"publish","type":"page","link":"https:\/\/cositalcantabria.org\/web\/index.php\/estatutos\/","title":{"rendered":"Estatutos"},"content":{"rendered":"<p>[vc_row][vc_column][vc_empty_space height=\u00bb40px\u00bb][vc_single_image image=\u00bb588&#8243; img_size=\u00bbfull\u00bb][vc_empty_space height=\u00bb40px\u00bb][vc_column_text]<strong>Estatutos de COSITAL Cantabria<\/strong><\/p>\n<p>En esta secci\u00f3n se puede consultar la Resoluci\u00f3n de 29 de agosto de 2018, de la Consejer\u00eda de Presidencia, por la que se inscribe la modificaci\u00f3n de los Estatutos del Colegio Oficial de Secretarios, Interventores y Tesoreros de la Administraci\u00f3n Local de Cantabria en el Registro de Colegios Profesionales de Cantabria.<br \/>\n<strong>Bolet\u00edn Oficial de Cantabria (BOC) N\u00daM. 180 &#8211; 13 de Septiembre de 2018.<\/strong>[\/vc_column_text][vc_empty_space height=\u00bb40px\u00bb][vc_empty_space height=\u00bb30px\u00bb][\/vc_column][\/vc_row][vc_row][vc_column][vc_column_text]<a href=\"https:\/\/cositalcantabria.org\/web\/wp-content\/uploads\/2022\/01\/ESTATUTOS-COSITAL-13.09.2018.pdf\" class=\"pdfemb-viewer\" style=\"\" data-width=\"max\" data-height=\"max\" data-toolbar=\"bottom\" data-toolbar-fixed=\"off\">ESTATUTOS COSITAL 13.09.2018<\/a>[\/vc_column_text][\/vc_column][\/vc_row]<\/p>\n","protected":false},"excerpt":{"rendered":"<p>[vc_row][vc_column][vc_empty_space height=\u00bb40px\u00bb][vc_single_image image=\u00bb588&#8243; img_size=\u00bbfull\u00bb][vc_empty_space height=\u00bb40px\u00bb][vc_column_text]Estatutos de COSITAL Cantabria En esta secci\u00f3n se puede consultar la Resoluci\u00f3n de 29 de agosto de 2018, de la Consejer\u00eda de Presidencia, por la que [&hellip;]<\/p>\n","protected":false},"author":1,"featured_media":0,"parent":0,"menu_order":0,"comment_status":"closed","ping_status":"closed","template":"","meta":{"footnotes":""},"class_list":["post-694","page","type-page","status-publish","hentry","no-post-thumbnail"],"_links":{"self":[{"href":"https:\/\/cositalcantabria.org\/web\/index.php\/wp-json\/wp\/v2\/pages\/694","targetHints":{"allow":["GET"]}}],"collection":[{"href":"https:\/\/cositalcantabria.org\/web\/index.php\/wp-json\/wp\/v2\/pages"}],"about":[{"href":"https:\/\/cositalcantabria.org\/web\/index.php\/wp-json\/wp\/v2\/types\/page"}],"author":[{"embeddable":true,"href":"https:\/\/cositalcantabria.org\/web\/index.php\/wp-json\/wp\/v2\/users\/1"}],"replies":[{"embeddable":true,"href":"https:\/\/cositalcantabria.org\/web\/index.php\/wp-json\/wp\/v2\/comments?post=694"}],"version-history":[{"count":10,"href":"https:\/\/cositalcantabria.org\/web\/index.php\/wp-json\/wp\/v2\/pages\/694\/revisions"}],"predecessor-version":[{"id":920,"href":"https:\/\/cositalcantabria.org\/web\/index.php\/wp-json\/wp\/v2\/pages\/694\/revisions\/920"}],"wp:attachment":[{"href":"https:\/\/cositalcantabria.org\/web\/index.php\/wp-json\/wp\/v2\/media?parent=694"}],"curies":[{"name":"wp","href":"https:\/\/api.w.org\/{rel}","templated":true}]}}