{"id":688,"date":"2021-12-29T08:02:41","date_gmt":"2021-12-29T08:02:41","guid":{"rendered":"https:\/\/cositalcantabria.org\/web\/?page_id=688"},"modified":"2021-12-29T08:08:34","modified_gmt":"2021-12-29T08:08:34","slug":"saluda-del-presidente","status":"publish","type":"page","link":"https:\/\/cositalcantabria.org\/web\/index.php\/saluda-del-presidente\/","title":{"rendered":"Saluda del Presidente"},"content":{"rendered":"<p>[vc_row][vc_column][vc_empty_space height=\u00bb40px\u00bb]\n\t<div class=\"member  has-image\">\n\t\t\n\t\t<div class=\"member-image\">\n\t\t\t<img decoding=\"async\" src=\"https:\/\/cositalcantabria.org\/web\/wp-content\/uploads\/2021\/12\/german.jpg\" alt=\"Don GERM\u00c1N GARC\u00cdA CALLE\" \/>\n\t\t<\/div>\n\t\n\t\t<div class=\"member-info\">\n\t\t\t<h3 class=\"member-name\">Don GERM\u00c1N GARC\u00cdA CALLE<\/h3><div class=\"member-subtitle\">PRESIDENTE<\/div>\n\t\t\t<div class=\"member-desc\"><\/p>\n<p>Por medio de la presente queremos daros la bienvenida a la renovada sede del COSITAL Cantabria, pretendiendo ser una plataforma de informaci\u00f3n y servicio a todos los colegiados habilitados nacionales de nuestra Comunidad Aut\u00f3noma, as\u00ed como a aquellas personas que est\u00e9n interesadas en conocer a nuestro colectivo.<\/p>\n<p>La Escala de Funcionarios de Administraci\u00f3n Local con Habilitaci\u00f3n de Car\u00e1cter Nacional, es una escala funcionarial que engloba a los Secretarios, Interventores y Tesoreros que ejercemos las funciones reservadas en las Entidades Locales (Ayuntamientos, Mancomunidades, Comarcas&#8230;), no solo en Cantabria, sino a lo largo y ancho del territorio espa\u00f1ol.<\/p>\n<p>Las funciones propias de cada una de las subescalas (Secretar\u00eda-Intervenci\u00f3n, Intervenci\u00f3n-Tesorer\u00eda y Secretar\u00eda), vienen encomendadas por el propio ordenamiento jur\u00eddico (arts. 3, 4 y 5 del RD 128\/2018), de ah\u00ed que sean denominadas como reservadas, al tratarse de funciones ejercidas, exclusivamente, por estos funcionarios.<\/p>\n<p>Con el \u00e1nimo de suponer una ventana hacia la ciudadan\u00eda que tenga inter\u00e9s en conocer a nuestro colectivo, os damos la bienvenida.<\/p>\n<p>Un cordial saludo.<\/p>\n<p><strong><\/p>\n<p>Germ\u00e1n Garc\u00eda Calle<\/p>\n<p><\/strong><strong>Presidente del COSITAL Cantabria<\/strong><\/div>\n\t\t\t\n\t\t<\/div>\n\t<\/div>[vc_separator color=\u00bbcustom\u00bb accent_color=\u00bbrgba(54,70,115,0.08)\u00bb css=\u00bb.vc_custom_1461902392460{margin-top: 50px !important;margin-bottom: 50px !important;}\u00bb][\/vc_column][\/vc_row]<\/p>\n","protected":false},"excerpt":{"rendered":"<p>[vc_row][vc_column][vc_empty_space height=\u00bb40px\u00bb][vc_separator color=\u00bbcustom\u00bb accent_color=\u00bbrgba(54,70,115,0.08)\u00bb css=\u00bb.vc_custom_1461902392460{margin-top: 50px !important;margin-bottom: 50px !important;}\u00bb][\/vc_column][\/vc_row]<\/p>\n","protected":false},"author":1,"featured_media":0,"parent":0,"menu_order":0,"comment_status":"closed","ping_status":"closed","template":"","meta":{"footnotes":""},"class_list":["post-688","page","type-page","status-publish","hentry","no-post-thumbnail"],"_links":{"self":[{"href":"https:\/\/cositalcantabria.org\/web\/index.php\/wp-json\/wp\/v2\/pages\/688","targetHints":{"allow":["GET"]}}],"collection":[{"href":"https:\/\/cositalcantabria.org\/web\/index.php\/wp-json\/wp\/v2\/pages"}],"about":[{"href":"https:\/\/cositalcantabria.org\/web\/index.php\/wp-json\/wp\/v2\/types\/page"}],"author":[{"embeddable":true,"href":"https:\/\/cositalcantabria.org\/web\/index.php\/wp-json\/wp\/v2\/users\/1"}],"replies":[{"embeddable":true,"href":"https:\/\/cositalcantabria.org\/web\/index.php\/wp-json\/wp\/v2\/comments?post=688"}],"version-history":[{"count":2,"href":"https:\/\/cositalcantabria.org\/web\/index.php\/wp-json\/wp\/v2\/pages\/688\/revisions"}],"predecessor-version":[{"id":690,"href":"https:\/\/cositalcantabria.org\/web\/index.php\/wp-json\/wp\/v2\/pages\/688\/revisions\/690"}],"wp:attachment":[{"href":"https:\/\/cositalcantabria.org\/web\/index.php\/wp-json\/wp\/v2\/media?parent=688"}],"curies":[{"name":"wp","href":"https:\/\/api.w.org\/{rel}","templated":true}]}}