{"id":36,"date":"2016-04-12T15:03:20","date_gmt":"2016-04-12T15:03:20","guid":{"rendered":"https:\/\/cositalcantabria.org\/web\/?page_id=36"},"modified":"2022-01-04T12:33:05","modified_gmt":"2022-01-04T12:33:05","slug":"el-colegio","status":"publish","type":"page","link":"https:\/\/cositalcantabria.org\/web\/index.php\/el-colegio\/","title":{"rendered":"El Colegio"},"content":{"rendered":"<p>[vc_row][vc_column][vc_empty_space height=\u00bb40px\u00bb][vc_column_text]<\/p>\n<h4 class=\"no-margin-top\">Qu\u00e9 es COSITAL Cantabria<\/h4>\n<p><strong>Art\u00edculo 2. Naturaleza jur\u00eddica.<\/strong><br \/>\n1.- El Colegio Oficial de Secretarios, Interventores y Tesoreros de Administraci\u00f3n Local de Cantabria es una Corporaci\u00f3n de Derecho P\u00fablico de car\u00e1cter profesional y de estructura y funcionamiento democr\u00e1tico, que agrupa a los funcionarios de Administraci\u00f3n Local con habilitaci\u00f3n de car\u00e1cter nacional pertenecientes a las subescalas de Secretar\u00eda, Intervenci\u00f3n-Tesorer\u00eda y Secretar\u00eda-Intervenci\u00f3n, as\u00ed como a quienes llevan a cabo las funciones reservadas a dicha escala como personal funcionario interino, que ejercen sus funciones profesionales en el \u00e1mbito territorial del referido Colegio.<\/p>\n<p>2.- El Colegio Oficial de Secretarios, Interventores y Tesoreros de Administraci\u00f3n Local de Cantabria tiene personalidad jur\u00eddica propia y plena capacidad de obrar para el cumplimiento de sus fines.<\/p>\n<p>3.- El Colegio podr\u00e1 adquirir, poseer, reivindicar, permutar, gravar y enajenar toda clase de bienes y derechos y ejercitar las acciones y recursos procedentes en defensa de su patrimonio e intereses profesionales, pudiendo, a tales efectos comparecer ante los jueces, tribunales y autoridades de los distintos \u00f3rdenes, de acuerdo con la legislaci\u00f3n vigente.<\/p>\n<p><strong>Art\u00edculo 5. Fines.<\/strong><br \/>\nSon fines esenciales del Colegio Oficial de Secretarios, Interventores y Tesoreros de Administraci\u00f3n Local de Cantabria:<\/p>\n<ul>\n<li>a) La ordenaci\u00f3n del ejercicio de profesi\u00f3n y la representaci\u00f3n de la misma.<\/li>\n<li>b) Velar por el adecuado nivel de calidad de las prestaciones profesionales de los colegiados y por la defensa de sus derechos e intereses.<\/li>\n<li>c) Colaborar con las Administraciones P\u00fablicas c\u00e1ntabras en el ejercicio de sus competencias y en la promoci\u00f3n y mejora de las mismas.<\/li>\n<\/ul>\n<p>&nbsp;[\/vc_column_text][vc_empty_space height=\u00bb40px\u00bb][vc_raw_html]JTNDdWwlMjBjbGFzcyUzRCUyMmhpc3RvcnklMjIlM0UlMEElM0NsaSUzRSUwQSUzQ2RpdiUyMGNsYXNzJTNEJTIyeWVhci1jb250ZW50JTIyJTNFJTBBJTNDaDMlM0U2JTIwZGUlMjBqdWxpbyUyMGRlJTIwMjAxNyUzQyUyRmgzJTNFJTBBJTNDcCUzRUVsJTIwQ29sZWdpbyUyME8lRUYlQUMlODFjaWFsJTIwZGUlMjBTZWNyZXRhcmlvcyUyQyUyMEludGVydmVudG9yZXMlMjB5JTIwVGVzb3Jlcm9zJTIwZGUlMjBsYSUyMEFkbWluaXN0cmFjaSVDMyVCM24lMjAlMEFMb2NhbCUyMGRlJTIwQ2FudGFicmlhJTIwc29saWNpdCVDMyVCMyUyMGVuJTIwZmVjaGElMjA2JTIwZGUlMjBqdWxpbyUyMGRlJTIwMjAxNyUyQyUyMGxhJTIwaW5zY3JpcGNpJUMzJUIzbiUyMGVuJTIwZWwlMjBSZWdpc3RybyUyMGRlJTIwQ29sZWdpb3MlMjBQcm9mZXNpb25hbGVzJTIwZGUlMjBDYW50YWJyaWElMjBkZSUyMGxhJTIwbW9kaSVFRiVBQyU4MWNhY2klQzMlQjNuJTIwZGUlMjBsb3MlMjBFc3RhdHV0b3MlMjBhY29yZGFkYSUyMGVsJTIwMjIlMjBkZSUyMGp1bmlvJTIwZGUlMjAyMDE3LiUzQyUyRnAlM0UlMEElM0MlMkZkaXYlM0UlMEElM0MlMkZsaSUzRSUwQSUzQ2xpJTNFJTBBJTNDZGl2JTIwY2xhc3MlM0QlMjJ5ZWFyLWNvbnRlbnQlMjIlM0UlMEElM0NoMyUzRTIzJTIwZGUlMjBqdW5pbyUyMGRlJTIwMjAxOCUzQyUyRmgzJTNFJTBBJTNDcCUzRUluc2NyaWJpciUyMGxhJTIwbW9kaSVFRiVBQyU4MWNhY2klQzMlQjNuJTIwZGUlMjBsb3MlMjBFc3RhdHV0b3MlMjBkZWwlMjBDb2xlZ2lvJTIwTyVFRiVBQyU4MWNpYWwlMjBkZSUyMFNlY3JldGFyaW9zJTJDJTIwSW50ZXJ2ZW50b3JlcyUyMHklMjBUZXNvcmVyb3MlMjBkZSUyMGxhJTIwQWRtaW5pc3RyYWNpJUMzJUIzbiUyMExvY2FsJTIwZGUlMjBDYW50YWJyaWElMkMlMjBhY29yZGFkYSUyMGVsJTIwMjMlMjBkZSUyMGFicmlsJTIwZGUlMjAyMDE4JTIweSUyMGFwcm9iYWRhJTIwcG9yJTIwZWwlMjBDb25zZWpvJTIwR2VuZXJhbCUyMGRlJTIwQ29sZWdpb3MlMjBPJUVGJUFDJTgxY2lhbGVzJTIwZGUlMjBTZWNyZXRhcmlvcyUyQyUyMEludGVydmVudG9yZXMlMjB5JTIwVGVzb3Jlcm9zJTIwZGUlMjBBZG1pbmlzdHJhY2klQzMlQjNuJTIwTG9jYWwlMjBjb24lMjBmZWNoYSUyMDIzJTIwZGUlMjBqdW5pbyUyMGRlJTIwMjAxOCUyQyUyMGVuJTIwZWwlMjBSZWdpc3RybyUyMGRlJTIwQ29sZWdpb3MlMjBQcm9mZXNpb25hbGVzJTIwZGUlMjBDYW50YWJyaWEuJTNDJTJGcCUzRSUwQSUzQyUyRmRpdiUzRSUwQSUzQyUyRmxpJTNFJTBBJTNDbGklM0UlMEElM0NkaXYlMjBjbGFzcyUzRCUyMnllYXItY29udGVudCUyMiUzRSUwQSUzQ2gzJTNFMTMlMjBkZSUyMHNlcHRpZW1icmUlMjBkZSUyMDIwMTglM0MlMkZoMyUzRSUwQSUzQ3AlM0VSZXNvbHVjaSVDMyVCM24lMjBkZSUyMGElMjBDb25zZWplciVDMyVBRGElMjBkZSUyMFByZXNpZGVuY2lhJTIweSUyMEp1c3RpY2lhJTJDJTIwZGUlMjAyOSUyMGRlJTIwYWdvc3RvJTIwZGUlMjAyMDE4JTJDJTIwcG9yJTIwbGElMjBxdWUlMjBzZSUyMGluc2NyaWJlJTIwbGElMjBtb2RpJUVGJUFDJTgxY2FjaSVDMyVCM24lMjBkZSUyMGxvcyUyMEVzdGF0dXRvcyUyMGRlbCUyMENvbGVnaW8lMjBPJUVGJUFDJTgxY2lhbCUyMGRlJTIwU2VjcmV0YXJpb3MlMkMlMjBJbnRlcnZlbnRvcmVzJTIweSUyMFRlc29yZXJvcyUyMGRlJTIwbGElMjBBZG1pbmlzdHJhY2klQzMlQjNuJTIwTG9jYWwlMjBkZSUyMENhbnRhYnJpYSUyMGVuJTIwZWwlMjBSZWdpc3RybyUyMGRlJTIwQ29sZWdpb3MlMjBQcm9mZXNpb25hbGVzJTIwZGUlMjBDYW50YWJyaWEuJTNDJTJGcCUzRSUwQSUzQ3AlM0VCT0MlMjBOJUMzJTlBTS4lMjAxODAlMjAtJTIwMTMlMjBERSUyMFNFUFRJRU1CUkUlMjBERSUyMDIwMTguJTNDJTJGcCUzRSUwQSUzQyUyRmRpdiUzRSUwQSUzQyUyRmxpJTNFJTBBJTNDbGklM0UlMEElM0NkaXYlMjBjbGFzcyUzRCUyMnllYXItY29udGVudCUyMiUzRSUwQSUzQ2gzJTNFSE9ZJTNDJTJGaDMlM0UlMEElM0NwJTNFRWwlMjBDb2xlZ2lvJTIwTyVFRiVBQyU4MWNpYWwlMjBkZSUyMFNlY3JldGFyaW9zJTJDJTIwSW50ZXJ2ZW50b3JlcyUyMHklMjBUZXNvcmVyb3MlMjBkZSUyMGxhJTIwQWRtaW5pc3RyYWNpJUMzJUIzbiUyMExvY2FsJTIwZGUlMjBDYW50YWJyaWElMjBlc3QlQzMlQTElMjBpbnRlZ3JhZG8lMjBlbiUyMGxhJTIwYWN0dWFsaWRhZCUyMHBvciUyMC4uLi4lMjBtaWVtYnJvcy4lM0MlMkZwJTNFJTBBJTNDJTJGZGl2JTNFJTBBJTNDJTJGbGklM0UlMEElMEElM0MlMkZ1bCUzRQ==[\/vc_raw_html][\/vc_column][\/vc_row]<\/p>\n","protected":false},"excerpt":{"rendered":"<p>[vc_row][vc_column][vc_empty_space height=\u00bb40px\u00bb][vc_column_text] Qu\u00e9 es COSITAL Cantabria Art\u00edculo 2. Naturaleza jur\u00eddica. 1.- El Colegio Oficial de Secretarios, Interventores y Tesoreros de Administraci\u00f3n Local de Cantabria es una Corporaci\u00f3n de Derecho P\u00fablico [&hellip;]<\/p>\n","protected":false},"author":1,"featured_media":0,"parent":0,"menu_order":0,"comment_status":"closed","ping_status":"closed","template":"","meta":{"footnotes":""},"class_list":["post-36","page","type-page","status-publish","hentry","no-post-thumbnail"],"_links":{"self":[{"href":"https:\/\/cositalcantabria.org\/web\/index.php\/wp-json\/wp\/v2\/pages\/36","targetHints":{"allow":["GET"]}}],"collection":[{"href":"https:\/\/cositalcantabria.org\/web\/index.php\/wp-json\/wp\/v2\/pages"}],"about":[{"href":"https:\/\/cositalcantabria.org\/web\/index.php\/wp-json\/wp\/v2\/types\/page"}],"author":[{"embeddable":true,"href":"https:\/\/cositalcantabria.org\/web\/index.php\/wp-json\/wp\/v2\/users\/1"}],"replies":[{"embeddable":true,"href":"https:\/\/cositalcantabria.org\/web\/index.php\/wp-json\/wp\/v2\/comments?post=36"}],"version-history":[{"count":5,"href":"https:\/\/cositalcantabria.org\/web\/index.php\/wp-json\/wp\/v2\/pages\/36\/revisions"}],"predecessor-version":[{"id":710,"href":"https:\/\/cositalcantabria.org\/web\/index.php\/wp-json\/wp\/v2\/pages\/36\/revisions\/710"}],"wp:attachment":[{"href":"https:\/\/cositalcantabria.org\/web\/index.php\/wp-json\/wp\/v2\/media?parent=36"}],"curies":[{"name":"wp","href":"https:\/\/api.w.org\/{rel}","templated":true}]}}